{"id":12320,"date":"2024-05-27T03:15:46","date_gmt":"2024-05-27T03:15:46","guid":{"rendered":"https:\/\/outdoor.itc-gmbh.shop\/product\/thermo-vesperbox-safta-ship-19-x-22-x-14-cm-blau\/"},"modified":"2024-05-27T03:15:49","modified_gmt":"2024-05-27T03:15:49","slug":"thermo-vesperbox-safta-ship-19-x-22-x-14-cm-blau","status":"publish","type":"product","link":"https:\/\/wildgear.itc-gmbh.shop\/es\/product\/thermo-vesperbox-safta-ship-19-x-22-x-14-cm-blau\/","title":{"rendered":"Thermo-Vesperbox Safta Ship 19 x 22 x 14 cm Blau"},"content":{"rendered":"<p>Si valora los detalles a la hora de amueblar su casa y quiere estar al d\u00eda de los productos que le hacen la vida m\u00e1s f\u00e1cil, compre <b>Thermo-Vesperbox Safta Ship 19 x 22 x 14 cm Blau<\/b> al mejor precio.<\/p>\n<ul>\n<li>Edad recomendada: Todas las edades<\/li>\n<li>Color: Azul<\/li>\n<li>Caracter\u00edsticas:\n<ul>\n<li>Revestimiento t\u00e9rmico<\/li>\n<li>F\u00e1cil de limpiar<\/li>\n<li>Con asa superior<\/li>\n<\/ul>\n<\/li>\n<li>Dise\u00f1o: Preescolar<\/li>\n<li>Dimensiones aproximadas: 19 x 22 x 14 cm<\/li>\n<\/ul>","protected":false},"excerpt":{"rendered":"<p>Wenn Sie bei der Einrichtung ihres Heims Wert auf Details legen und bei Produkten, die Ihnen das Leben leichter machen, auf dem letzten Stand sein m\u00f6chten, dann kaufen Sie Thermo-Vesperbox Safta Ship 19 x 22 x 14 cm Blau zum besten Preis. Empfohlenes Alter: Alle Altersgruppen Farbe: Blau Merkmale: Thermische Auskleidung Leicht zu reinigen Mit &hellip; <\/p>\n<p class=\"more-link-wrap\"><a href=\"https:\/\/wildgear.itc-gmbh.shop\/es\/product\/thermo-vesperbox-safta-ship-19-x-22-x-14-cm-blau\/\" class=\"more-link\"><span>Read More<span class=\"screen-reader-text\"> &#8220;Thermo-Vesperbox Safta Ship 19 x 22 x 14 cm Blau&#8221;<\/span><\/span><\/a><\/p>","protected":false},"featured_media":12319,"comment_status":"open","ping_status":"closed","template":"","meta":{"inline_featured_image":false},"product_brand":[],"product_cat":[181,180,654],"product_tag":[213,177,208],"class_list":{"0":"post-12320","1":"product","2":"type-product","3":"status-publish","4":"has-post-thumbnail","6":"product_cat-camping-und-berge","7":"product_cat-sport-freizeit","8":"product_cat-tragbare-kuhlboxen","9":"product_tag-tag_69","10":"product_tag-tag_3","11":"product_tag-tag_650","13":"first","14":"outofstock","15":"taxable","16":"shipping-taxable","17":"purchasable","18":"product-type-simple"},"aioseo_notices":[],"jetpack_sharing_enabled":true,"_links":{"self":[{"href":"https:\/\/wildgear.itc-gmbh.shop\/es\/wp-json\/wp\/v2\/product\/12320","targetHints":{"allow":["GET"]}}],"collection":[{"href":"https:\/\/wildgear.itc-gmbh.shop\/es\/wp-json\/wp\/v2\/product"}],"about":[{"href":"https:\/\/wildgear.itc-gmbh.shop\/es\/wp-json\/wp\/v2\/types\/product"}],"replies":[{"embeddable":true,"href":"https:\/\/wildgear.itc-gmbh.shop\/es\/wp-json\/wp\/v2\/comments?post=12320"}],"wp:featuredmedia":[{"embeddable":true,"href":"https:\/\/wildgear.itc-gmbh.shop\/es\/wp-json\/wp\/v2\/media\/12319"}],"wp:attachment":[{"href":"https:\/\/wildgear.itc-gmbh.shop\/es\/wp-json\/wp\/v2\/media?parent=12320"}],"wp:term":[{"taxonomy":"product_brand","embeddable":true,"href":"https:\/\/wildgear.itc-gmbh.shop\/es\/wp-json\/wp\/v2\/product_brand?post=12320"},{"taxonomy":"product_cat","embeddable":true,"href":"https:\/\/wildgear.itc-gmbh.shop\/es\/wp-json\/wp\/v2\/product_cat?post=12320"},{"taxonomy":"product_tag","embeddable":true,"href":"https:\/\/wildgear.itc-gmbh.shop\/es\/wp-json\/wp\/v2\/product_tag?post=12320"}],"curies":[{"name":"wp","href":"https:\/\/api.w.org\/{rel}","templated":true}]}}

<p>Si valora los detalles a la hora de amueblar su casa y quiere estar al día de los productos que le hacen la vida más fácil, compre <b>Thermo-Vesperbox Safta Ship 19 x 22 x 14 cm Blau</b> al mejor precio.</p>
<ul>
<li>Edad recomendada: Todas las edades</li>
<li>Color: Azul</li>
<li>Características:
<ul>
<li>Revestimiento térmico</li>
<li>Fácil de limpiar</li>
<li>Con asa superior</li>
</ul>
</li>
<li>Diseño: Preescolar</li>
<li>Dimensiones aproximadas: 19 x 22 x 14 cm</li>
</ul>

<p>Wenn Sie bei der Einrichtung ihres Heims Wert auf Details legen und bei Produkten, die Ihnen das Leben leichter machen, auf dem letzten Stand sein möchten, dann kaufen Sie Thermo-Vesperbox Safta Ship 19 x 22 x 14 cm Blau zum besten Preis. Empfohlenes Alter: Alle Altersgruppen Farbe: Blau Merkmale: Thermische Auskleidung Leicht zu reinigen Mit &hellip; </p>
<p class="more-link-wrap"><a href="https://wildgear.itc-gmbh.shop/es/product/thermo-vesperbox-safta-ship-19-x-22-x-14-cm-blau/" class="more-link"><span>Read More<span class="screen-reader-text"> &#8220;Thermo-Vesperbox Safta Ship 19 x 22 x 14 cm Blau&#8221;</span></span></a></p>
