{"id":10159,"date":"2024-05-27T02:43:37","date_gmt":"2024-05-27T02:43:37","guid":{"rendered":"https:\/\/outdoor.itc-gmbh.shop\/product\/taschenlampe-varta-day-light-70-lm-schwarz-grau\/"},"modified":"2024-05-27T02:43:38","modified_gmt":"2024-05-27T02:43:38","slug":"taschenlampe-varta-day-light-70-lm-schwarz-grau","status":"publish","type":"product","link":"https:\/\/wildgear.itc-gmbh.shop\/fr\/product\/taschenlampe-varta-day-light-70-lm-schwarz-grau\/","title":{"rendered":"Taschenlampe Varta Day Light 70 Lm Schwarz Grau"},"content":{"rendered":"<p>Si vous accordez de l'importance aux d\u00e9tails dans l'am\u00e9nagement de votre maison et que vous souhaitez \u00eatre \u00e0 la pointe des produits qui vous facilitent la vie, alors achetez <b>Taschenlampe Varta Day Light 70 Lm Schwarz Grau<\/b> au meilleur prix.<\/p>\n<ul>\n<li>mat\u00e9riel :\n<ul>\n<li>Gummi<\/li>\n<li>ABS<\/li>\n<\/ul>\n<\/li>\n<li>Reichweite: 32 m<\/li>\n<li>Lichtdurchl\u00e4ssigkeit: 70 Lm<\/li>\n<li>Caract\u00e9ristiques :\n<ul>\n<li>Batteriebetrieben (enthalten)<\/li>\n<li>R\u00e9sistant \u00e0 l'eau<\/li>\n<\/ul>\n<\/li>\n<li>Type de batterie :\n<ul>\n<li>Batterien (im Lieferumfang enthalten)<\/li>\n<li>D<\/li>\n<\/ul>\n<\/li>\n<li>Type : Lampe de poche<\/li>\n<li>Technologie : LED<\/li>\n<li>couleur :\n<ul>\n<li>Gris<\/li>\n<li>Noir<\/li>\n<\/ul>\n<\/li>\n<\/ul>","protected":false},"excerpt":{"rendered":"<p>Wenn Sie bei der Einrichtung ihres Heims Wert auf Details legen und bei Produkten, die Ihnen das Leben leichter machen, auf dem letzten Stand sein m\u00f6chten, dann kaufen Sie Taschenlampe Varta Day Light 70 Lm Schwarz Grau zum besten Preis. Material: Gummi ABS Reichweite: 32 m Lichtdurchl\u00e4ssigkeit: 70 Lm Merkmale: Batteriebetrieben (enthalten) Water resistant Batterietyp: &hellip; <\/p>\n<p class=\"more-link-wrap\"><a href=\"https:\/\/wildgear.itc-gmbh.shop\/fr\/product\/taschenlampe-varta-day-light-70-lm-schwarz-grau\/\" class=\"more-link\"><span>Read More<span class=\"screen-reader-text\"> &#8220;Taschenlampe Varta Day Light 70 Lm Schwarz Grau&#8221;<\/span><\/span><\/a><\/p>","protected":false},"featured_media":10158,"comment_status":"open","ping_status":"closed","template":"","meta":{"inline_featured_image":false},"product_brand":[],"product_cat":[181,571,572,180,195],"product_tag":[193,559,213,177,208],"class_list":{"0":"post-10159","1":"product","2":"type-product","3":"status-publish","4":"has-post-thumbnail","6":"product_cat-camping-und-berge","7":"product_cat-heim-garten","8":"product_cat-heimwerkerbedarf-und-eisenwaren","9":"product_cat-sport-freizeit","10":"product_cat-taschenlampen","11":"product_tag-tag_25","12":"product_tag-tag_930","13":"product_tag-tag_69","14":"product_tag-tag_3","15":"product_tag-tag_650","17":"first","18":"outofstock","19":"taxable","20":"shipping-taxable","21":"purchasable","22":"product-type-simple"},"aioseo_notices":[],"jetpack_sharing_enabled":true,"_links":{"self":[{"href":"https:\/\/wildgear.itc-gmbh.shop\/fr\/wp-json\/wp\/v2\/product\/10159","targetHints":{"allow":["GET"]}}],"collection":[{"href":"https:\/\/wildgear.itc-gmbh.shop\/fr\/wp-json\/wp\/v2\/product"}],"about":[{"href":"https:\/\/wildgear.itc-gmbh.shop\/fr\/wp-json\/wp\/v2\/types\/product"}],"replies":[{"embeddable":true,"href":"https:\/\/wildgear.itc-gmbh.shop\/fr\/wp-json\/wp\/v2\/comments?post=10159"}],"wp:featuredmedia":[{"embeddable":true,"href":"https:\/\/wildgear.itc-gmbh.shop\/fr\/wp-json\/wp\/v2\/media\/10158"}],"wp:attachment":[{"href":"https:\/\/wildgear.itc-gmbh.shop\/fr\/wp-json\/wp\/v2\/media?parent=10159"}],"wp:term":[{"taxonomy":"product_brand","embeddable":true,"href":"https:\/\/wildgear.itc-gmbh.shop\/fr\/wp-json\/wp\/v2\/product_brand?post=10159"},{"taxonomy":"product_cat","embeddable":true,"href":"https:\/\/wildgear.itc-gmbh.shop\/fr\/wp-json\/wp\/v2\/product_cat?post=10159"},{"taxonomy":"product_tag","embeddable":true,"href":"https:\/\/wildgear.itc-gmbh.shop\/fr\/wp-json\/wp\/v2\/product_tag?post=10159"}],"curies":[{"name":"wp","href":"https:\/\/api.w.org\/{rel}","templated":true}]}}

<p>Si vous accordez de l'importance aux détails dans l'aménagement de votre maison et que vous souhaitez être à la pointe des produits qui vous facilitent la vie, alors achetez <b>Taschenlampe Varta Day Light 70 Lm Schwarz Grau</b> au meilleur prix.</p>
<ul>
<li>matériel :
<ul>
<li>Gummi</li>
<li>ABS</li>
</ul>
</li>
<li>Reichweite: 32 m</li>
<li>Lichtdurchlässigkeit: 70 Lm</li>
<li>Caractéristiques :
<ul>
<li>Batteriebetrieben (enthalten)</li>
<li>Résistant à l'eau</li>
</ul>
</li>
<li>Type de batterie :
<ul>
<li>Batterien (im Lieferumfang enthalten)</li>
<li>D</li>
</ul>
</li>
<li>Type : Lampe de poche</li>
<li>Technologie : LED</li>
<li>couleur :
<ul>
<li>Gris</li>
<li>Noir</li>
</ul>
</li>
</ul>

<p>Wenn Sie bei der Einrichtung ihres Heims Wert auf Details legen und bei Produkten, die Ihnen das Leben leichter machen, auf dem letzten Stand sein möchten, dann kaufen Sie Taschenlampe Varta Day Light 70 Lm Schwarz Grau zum besten Preis. Material: Gummi ABS Reichweite: 32 m Lichtdurchlässigkeit: 70 Lm Merkmale: Batteriebetrieben (enthalten) Water resistant Batterietyp: &hellip; </p>
<p class="more-link-wrap"><a href="https://wildgear.itc-gmbh.shop/fr/product/taschenlampe-varta-day-light-70-lm-schwarz-grau/" class="more-link"><span>Read More<span class="screen-reader-text"> &#8220;Taschenlampe Varta Day Light 70 Lm Schwarz Grau&#8221;</span></span></a></p>
