{"id":11433,"date":"2024-05-27T03:02:31","date_gmt":"2024-05-27T03:02:31","guid":{"rendered":"https:\/\/outdoor.itc-gmbh.shop\/product\/wanderrucksack-spidey-fuer-kinder-25-x-27-x-16-cm-rot-23-x-27-x-15-cm\/"},"modified":"2024-05-27T03:02:39","modified_gmt":"2024-05-27T03:02:39","slug":"wanderrucksack-spidey-fuer-kinder-25-x-27-x-16-cm-rot-23-x-27-x-15-cm","status":"publish","type":"product","link":"https:\/\/wildgear.itc-gmbh.shop\/it\/product\/wanderrucksack-spidey-fuer-kinder-25-x-27-x-16-cm-rot-23-x-27-x-15-cm\/","title":{"rendered":"Wanderrucksack Spidey F\u00fcr Kinder 25 x 27 x 16 cm Rot 23 x 27 x 15 cm"},"content":{"rendered":"<p>Tornate in ufficio senza dimenticare alcun dettaglio: Acquistare <b>Wanderrucksack Spidey F\u00fcr Kinder 25 x 27 x 16 cm Rot 23 x 27 x 15 cm<\/b> e sarete l'invidia dei vostri colleghi!<\/p>\n<ul>\n<li>Genere: per bambini<\/li>\n<li>Ma\u00dfe ca.:\n<ul>\n<li>25 x 27 x 16 cm<\/li>\n<li>23 x 27 x 15 cm<\/li>\n<\/ul>\n<\/li>\n<li>Chiusura del bracciale: zip<\/li>\n<li>Colore: Rosso<\/li>\n<li>Materiale: 100 poliestere %<\/li>\n<\/ul>","protected":false},"excerpt":{"rendered":"<p>Gehen Sie zur\u00fcck ins B\u00fcro, ohne Details zu vergessen: Kaufen Sie Wanderrucksack Spidey F\u00fcr Kinder 25 x 27 x 16 cm Rot 23 x 27 x 15 cm und seien Sie der Neid Ihrer Kollegen! Geschlecht: F\u00fcr Kinder Ma\u00dfe ca.: 25 x 27 x 16 cm 23 x 27 x 15 cm Verschluss Armband: Rei\u00dfverschluss &hellip; <\/p>\n<p class=\"more-link-wrap\"><a href=\"https:\/\/wildgear.itc-gmbh.shop\/it\/product\/wanderrucksack-spidey-fuer-kinder-25-x-27-x-16-cm-rot-23-x-27-x-15-cm\/\" class=\"more-link\"><span>Read More<span class=\"screen-reader-text\"> &#8220;Wanderrucksack Spidey F\u00fcr Kinder 25 x 27 x 16 cm Rot 23 x 27 x 15 cm&#8221;<\/span><\/span><\/a><\/p>","protected":false},"featured_media":11432,"comment_status":"open","ping_status":"closed","template":"","meta":{"inline_featured_image":false},"product_brand":[],"product_cat":[181,205,180],"product_tag":[218,177,187,178],"class_list":{"0":"post-11433","1":"product","2":"type-product","3":"status-publish","4":"has-post-thumbnail","6":"product_cat-camping-und-berge","7":"product_cat-rucksacke-und-taschen","8":"product_cat-sport-freizeit","9":"product_tag-tag_36","10":"product_tag-tag_3","11":"product_tag-tag_124","12":"product_tag-tag_17","14":"first","15":"outofstock","16":"taxable","17":"shipping-taxable","18":"purchasable","19":"product-type-simple"},"aioseo_notices":[],"jetpack_sharing_enabled":true,"_links":{"self":[{"href":"https:\/\/wildgear.itc-gmbh.shop\/it\/wp-json\/wp\/v2\/product\/11433","targetHints":{"allow":["GET"]}}],"collection":[{"href":"https:\/\/wildgear.itc-gmbh.shop\/it\/wp-json\/wp\/v2\/product"}],"about":[{"href":"https:\/\/wildgear.itc-gmbh.shop\/it\/wp-json\/wp\/v2\/types\/product"}],"replies":[{"embeddable":true,"href":"https:\/\/wildgear.itc-gmbh.shop\/it\/wp-json\/wp\/v2\/comments?post=11433"}],"wp:featuredmedia":[{"embeddable":true,"href":"https:\/\/wildgear.itc-gmbh.shop\/it\/wp-json\/wp\/v2\/media\/11432"}],"wp:attachment":[{"href":"https:\/\/wildgear.itc-gmbh.shop\/it\/wp-json\/wp\/v2\/media?parent=11433"}],"wp:term":[{"taxonomy":"product_brand","embeddable":true,"href":"https:\/\/wildgear.itc-gmbh.shop\/it\/wp-json\/wp\/v2\/product_brand?post=11433"},{"taxonomy":"product_cat","embeddable":true,"href":"https:\/\/wildgear.itc-gmbh.shop\/it\/wp-json\/wp\/v2\/product_cat?post=11433"},{"taxonomy":"product_tag","embeddable":true,"href":"https:\/\/wildgear.itc-gmbh.shop\/it\/wp-json\/wp\/v2\/product_tag?post=11433"}],"curies":[{"name":"wp","href":"https:\/\/api.w.org\/{rel}","templated":true}]}}

Wanderrucksack Spidey Für Kinder 25 x 27 x 16 cm Rot 23 x 27 x 15 cm

<p>Tornate in ufficio senza dimenticare alcun dettaglio: Acquistare <b>Wanderrucksack Spidey Für Kinder 25 x 27 x 16 cm Rot 23 x 27 x 15 cm</b> e sarete l'invidia dei vostri colleghi!</p>
<ul>
<li>Genere: per bambini</li>
<li>Maße ca.:
<ul>
<li>25 x 27 x 16 cm</li>
<li>23 x 27 x 15 cm</li>
</ul>
</li>
<li>Chiusura del bracciale: zip</li>
<li>Colore: Rosso</li>
<li>Materiale: 100 poliestere %</li>
</ul>

<p>Gehen Sie zurück ins Büro, ohne Details zu vergessen: Kaufen Sie Wanderrucksack Spidey Für Kinder 25 x 27 x 16 cm Rot 23 x 27 x 15 cm und seien Sie der Neid Ihrer Kollegen! Geschlecht: Für Kinder Maße ca.: 25 x 27 x 16 cm 23 x 27 x 15 cm Verschluss Armband: Reißverschluss &hellip; </p>
<p class="more-link-wrap"><a href="https://wildgear.itc-gmbh.shop/it/product/wanderrucksack-spidey-fuer-kinder-25-x-27-x-16-cm-rot-23-x-27-x-15-cm/" class="more-link"><span>Read More<span class="screen-reader-text"> &#8220;Wanderrucksack Spidey Für Kinder 25 x 27 x 16 cm Rot 23 x 27 x 15 cm&#8221;</span></span></a></p>
